))?
-53
(1 - 12) + (42 - 0) + (544 - 577)
-2
-109 + (4 + -3 + -4 - (3 + -10))
-105
(-22 - -15 - 0) + -59 - (-12 - -6)
-60
Calculate (145 - 88) + (6 - (24 - 3)).
42
Evaluate 14 - (-14 + (-3 - -3) - (-2 - 15 - 0)).
11
Evaluate -13 + (666 + -661 + -7 + 2 + -2 - -109).
94
Calculate (0 - -17) + -6 - -50.
61
What is the value of -62 + -8 - (-3 - (0 - (12 - -4)))?
-83
What is the value of 15 + 46 + 5 + -59?
7
Evaluate -29 + -16 + 58 + -1.
12
68 + 3 + (-77 - -12)
6
What is -4 + (24 - 9 - -3) + -17 + -11?
-14
Calculate -10 + (10 - (10 + -6) - (0 - 68)).
64
What is 69 + 20 + (-57 - -16)?
48
What is the value of 16 - 41 - ((-14 - -16) + 27)?
-54
Calculate -2 + 9 - (16 - 21) - 125.
-113
What is 9 + -8 + (-7 - 8) + 14 + (-6 - -10)?
4
Calculate 1 + (2 + -9 - 1) - 5 - -25.
13
What is -31 - ((-6 + -16 - -29) + 11)?
-49
Calculate (4 - -1) + (-8 + -3 - -13) + -9.
-2
Calculate 46 - ((-21 - -9) + 10 - -11 - -1).
36
-2 + 3 - 3 - (8 + -20 - -18) - 50
-58
Evaluate (-46 - 1) + (-172 - -317 - 113).
-15
3 + 13 + -5 - (-24 - -14) - 2
19
What is the value of 1 + -2 + ((80 - 18) + -20 - 18)?
23
What is (30 - (3 + -36 + 45)) + 97 + 5?
120
(81 + (68 - 119) - 19) + (1 - 0 - 18)
-6
Evaluate (-3 - 44) + -20 + 58 + -19.
-28
What is the value of (8 - 3 - (-30 + -38 + 24)) + -11 + 0?
38
Calculate 0 + (9 - 0 - 15) + 6 + 3 - 27.
-24
What is the value of -27 + (32 - 61 - -80)?
24
Calculate -6 + -4 - (86 - 129).
33
Calculate 15 + (-3 - (-12 + -1)) + (57 - 128) + 56.
10
Calculate 48 - (-66 - (-54 - 3) - (-1 - 24)).
32
Calculate -43 + (-258 - -277 - (11 + 0 - 3)).
-32
What is 7 + -213 + (-290 - -393)?
-103
Calculate 4 + -15 - ((-73 - -25) + (-1 - 12)).
50
What is -9 + -2 + -23 + 93 + -81?
-22
What is the value of 238 - 219 - (-7 + 4)?
22
Calculate -67 + -34 + (44 - 12) + -28.
-97
Calculate 2 - 39 - ((3 - 4 - (3 + -2)) + 0).
-35
What is the value of -79 + 91 + -49 + 3 + (-5 - -7 - 12)?
-44
Evaluate 6 + -11 - ((14 - (0 - -9)) + -7).
-3
Evaluate 10 - 59 - (14 + -36).
-27
What is -45 + (-20 - (61 + -65) - (2 + -35))?
-28
What is 45 - ((42 - 48) + (-4 - 2) + 2)?
55
What is 2 + (10 - (7 + 13 + (-25 - -12)))?
5
What is the value of (-13 - (-6 - -3)) + 28 + -38 + 10?
-10
Calculate -5 + (15 + -47 - -32).
-5
What is the value of -7 - 8 - -17 - 11 - (-2 - (30 + 3))?
26
(19 - 30) + 7 - (4 - (7 - 5 - -33))
27
Calculate 56 + 135 + 2 + -100.
93
-2 + (1 - -40) + 453 + -450
42
What is the value of -11 - ((8 - (-11 - (4 + -31))) + 0)?
-3
What is (21237 - 21273) + (0 - (-107 + -2))?
73
Calculate 33 + (25 - -22) - 156.
-76
(10 - 4) + (5 - -2) + (-23 - -24) + 42
56
What is (15 - 23) + 9 - -12?
13
What is 4 - (13 + -2 + -1 - (-580 + 581))?
-5
What is the value of 73 - ((63 - 34) + -15)?
59
Calculate 1384 + -1322 + (-72 - 1).
-11
-3552 + 3555 - (2 + 62)
-61
Evaluate 250 - 297 - (-31 + 80).
-96
(179 - 180) + 13 + 19
31
What is -56 + 26 + 12 + 11?
-7
Calculate -15 + -5 + 12 + -11 + -18.
-37
What is (206 - 249) + 38 + 0 - (1 + (-29 - -1))?
22
What is 0 - 9 - (-201 - -188) - (0 - 3 - -37)?
-30
Calculate -33 + 0 - (688 - 678) - (-23 + 7).
-27
What is -1 + 16 - (387 - 137 - 228)?
-7
(0 - -141) + (2118 - 2179) - (8 + -1)
73
(-26 + (13 - 4) - -14) + 9 + 26
32
Calculate 4 + 7 - (-27 + 17 + -9).
30
Evaluate 56 + 38 + -29 + 18 + -2 + 17.
98
What is the value of (-6 - ((57 - 55) + (-1 - -3) - 3)) + -2?
-9
What is the value of 16 + 59 + (-28 - -39 - (14 + -1 + -8))?
81
Calculate -12 + 0 - (2 - (29 - 41)).
-26
Evaluate (2 - 12) + (3 - -11 - (19 - 26) - -63).
74
What is the value of (-27 + 38 - -8) + -19?
0
What is the value of (2 - -1) + 0 + 0 + (255 - (-590 + 827))?
21
What is the value of (1 - 6) + (-86 + 73 - -23) + -85?
-80
What is (-179 - -121) + 13 + 11?
-34
Evaluate -20 - 0 - (6 + -20 + -29 - -25).
-2
What is the value of -2 + (35 - 4) - (-3919 + 3886)?
62
Evaluate -20 - 28 - 8 - -27.
-29
111 - 42 - (1 - -31)
37
Calculate (-86 - -105) + (18 + 3 - 7).
33
-3 + -1 - (17 + -67 + 6 - 6)
46
What is the value of 4 + 0 - (-213 + 245) - 8?
-36
Evaluate (11 + -1 - 27) + 6 + -8.
-19
29 + -4 + -18 + 0 + -6
1
-16 + 14 + (-47 - -23)
-26
What is the value of -9 + 2 + -42 + -16 + 66?
1
Evaluate 37 + 25 + 144 + -128 + -2 + 2 + -7.
71
Calculate 12 + 1 - (-63 - -13 - (-74 - -29)).
18
Calculate (-29 - (9 - 5) - 7) + 12 + -4.
-32
Calculate -123 + (2 - -22) + 56.
-43
-21 + (41 - (-65 + 16))
69
Calculate -4 + 2 - 3 - (-14 + (0 - (-9 + 8))).
8
Calculate -15 - (-1 - (0 - -11)) - (13 + 66).
-82
Evaluate (-84 - -10 - -29) + (-10 - -5).
-50
Calculate -12 + (21 + -18 - -11 - 18) + 1.
-15
Calculate -43 + 59 + (-16 - -3) + -3 - -14.
14
Calculate 27 + (-5 - 4) - -4.
22
11 + (-70 - (-153 - -140 - (-18 - 1)))
-65
Evaluate 9 - (-13 - (0 - 2) - (-35 + 20 + 21)).
26
(39 - 3) + (-438 - -421)
19
What is (33 - (4 - -80)) + 36 + 2 + -47?
-60
What is 9 - ((15 - 11) + (-4 - 4))?
13
7 + (-12 - (-26 + -35)) + (-9 - 13)
34
What is the value of -1455 + 1443 - (2 + -1 + 17)?
-30
Calculate (1 - -4 - (-9 + 2 - (-40 + 37))) + 9.
18
What is -68 + 33 + 8 + (-5 - 12)?
-44
What is 6 - 14 - (50 - (-21 + (52 - 13)))?
-40
What is the value of 11 - (-40 + 9 + 20 + (7 - -2))?
13
20 + -94 + -14 + 52
-36
Calculate (-61 - -90) + -45 + 3 + -55.
-68
What is the value of 0 + 5 + -10 + (-7 + -19 - -31)?
0
Calculate 31 - (4 - -6) - 5 - -21.
37
What is the value of 2 - (-57 - (-29 - -1))?
31
What is -18 + (15 - (-20 + 35))?
-18
What is the value of (0 - (-19 - 6) - 107) + 8?
-74
Evaluate 78 - 0 - ((52 - -7) + -2 + -40).
61
Calculate 62 + 1 - ((-27 + 11 - -42) + -15).
52
Calculate 131 + (61 - 61 - 65).
66
What is the value of 14 - (-40 + 14 + 5) - ((7 - 6) + -4)?
38
Calculate 7 + 14 + (0 - (19 + -7)).
9
Calculate 3 - ((-32 - (-19 - -4 - -28)) + 14).
34
Calculate (-1 - 57) + -5 + -4 + (56 - 66) + 18.
-59
(7 + (7 - (8 + -7 - -14)) - -147) + -2
144
Calculate 10 - 1 - 1 - (3 - 11) - 33.
-17
What is -44 - (7 + 14 + -102)?
37
What is (-1 - -6) + (-170 - -49) + 48?
-68
What is 11 + -120 - (-19 - (2 - (-2 + 3) - 6))?
-95
What is the value of -27 - ((-8 - -10) + -7 - (5 + -16))?
-33
Calculate (-16 - -14) + 34 - 19 - (2 - -3).
8
What is the value of 161 + (96 - 209) + 70?
118
Calculate -1308 - -1297 - (1 + 16) - 8.
-36
Calculate (22 - 72) + 46 - (2 - (43 - 2)).
35
What is 149 + (-1 - 17 - (76 + -38 - 33))?
126
What is (34 + 2 + 23 - 39) + 18?
38
What is the value of 33 + (-149 - (18 + -201))?
67
What is the value of 2 + 0 + -8 + (14305 - 14170)?
129
Calculate (-6 - -34) + (212 - 197) + -5 + -1.
37
What is 6 - (155 - (86 + -20))?
-83
What is -4 + (3 - 96) + -91 + 86 - (-3 + 0)?
-99
-61 + 61 - 40 - 11
-51
What is the value of (-11 - (-13 - 24 - (5 + -19))) + 14?
26
-3 - (23 - (-25 - (19 + -37)))
-33
2 + 80 + -23 - (3 - 0)
56
Calculate 32 + 47 + -58 - (-8 - -5).
24
What is 13 - (-21 - ((18 - 16) + -21))?
15
What is the value of (1 - 18) + 464 + -491 + 18?
-26
Calculate 17 + (16 - (-11 - -19 - -19)).
6
Calculate 28 + (-73 - -15) - (-23 - -30).
-37
What is (-46 + 84 - 21) + -58 + 117?
76
Evaluate -9 + 5 + (4 - -3) + (18 - -1).
22
Evaluate 5 + (32 - (13 - 7 - -3)) + -9 + -2.
17
Calculate (13 - 5) + 7 + -5 + -20 - -9.
-1
What is (128 - 88) + (-5 - (5 + -10))?
40
What is the value of 0 + (3 - 1) + -8 + (-144 - -147) - -27?
24
What is (31 - (15 - (12 + -7))) + -64?
-43
Calculate -43 - (-25 + 0 + -7) - (-67 - 5).
61
Calculate -21 + (-8 - -33 - (-68 + (-42 - -29))).
85
Evaluate -21 - (23 - -6 - 152) - (18 - -3).
81
What is (112 - 58) + (3 - (3 + -2 - 5))?
61
Evaluate -1 - -21 - (14 - 5) - -14.
25
What is 1 + (7 + -10 - (6 + -16)) + (-4 - -3)?
7
Calculate 12 - (-60 + 23 - -51).
-2
Calculate (-1 - (68 - 13)) + 12.
-44
What is (-44 - (-63 - 11)) + -84?
-54
What is the value of 174 + (-20 - 136) + (1 - -42) + -3?
58
What is the value of -3 + (-34 - 3 - 5) + 0 + (261 - 262)?
-46
What is (7 - -3) + -7 + 32 + -4 + 19 + -8?
42
Calculate 9 + (15 - 6 - 2) + (-14 - -8) + -36.
-26
What is the value of -19 + 13 + 2 - ((-5 - 15) + 7)?
9
What is the value of 4 - ((1 - -7) + (4 - 25 - (138 + -154)))?
1
Evaluate -19 + (-1 - (19 - -19 - 15)).
-43
What is the value of 8 + -45 + (38 - -23) + -43?
-19
Calculate 27 + 28 + -67 - (2 + 22).
-36
Evaluate -66 - (1478 + -1459 + 0 + -1 + -2).
-82
Calculate (18 - 2) + 0 + 19 + 10 + -35.
10
Calculate (125 - 180 - (9 - 44)) + -1 + -5.
-26
Calculate -2 - 4 - (-20 + (-3 - (-1 - -10)